[INFO] fetching crate bee-block 1.0.1...
[INFO] checking bee-block-1.0.1 against master#e6e4f7ed1589e03bc2f6c5931c1a72e7947e8682 for beta-170-4
[INFO] extracting crate bee-block 1.0.1 into /workspace/builds/worker-6-tc2/source
[INFO] validating manifest of crates.io crate bee-block 1.0.1 on toolchain e6e4f7ed1589e03bc2f6c5931c1a72e7947e8682
[INFO] running `Command { std: CARGO_HOME="/workspace/cargo-home" RUSTUP_HOME="/workspace/rustup-home" "/workspace/cargo-home/bin/cargo" "+e6e4f7ed1589e03bc2f6c5931c1a72e7947e8682" "metadata" "--manifest-path" "Cargo.toml" "--no-deps", kill_on_drop: false }`
[INFO] started tweaking crates.io crate bee-block 1.0.1
[INFO] finished tweaking crates.io crate bee-block 1.0.1
[INFO] tweaked toml for crates.io crate bee-block 1.0.1 written to /workspace/builds/worker-6-tc2/source/Cargo.toml
[INFO] crate crates.io crate bee-block 1.0.1 already has a lockfile, it will not be regenerated
[INFO] running `Command { std: CARGO_HOME="/workspace/cargo-home" RUSTUP_HOME="/workspace/rustup-home" "/workspace/cargo-home/bin/cargo" "+e6e4f7ed1589e03bc2f6c5931c1a72e7947e8682" "fetch" "--manifest-path" "Cargo.toml", kill_on_drop: false }`
[INFO] running `Command { std: "docker" "create" "-v" "/var/lib/crater-agent-workspace/builds/worker-6-tc2/target:/opt/rustwide/target:rw,Z" "-v" "/var/lib/crater-agent-workspace/builds/worker-6-tc2/source:/opt/rustwide/workdir:ro,Z" "-v" "/var/lib/crater-agent-workspace/cargo-home:/opt/rustwide/cargo-home:ro,Z" "-v" "/var/lib/crater-agent-workspace/rustup-home:/opt/rustwide/rustup-home:ro,Z" "-e" "SOURCE_DIR=/opt/rustwide/workdir" "-e" "CARGO_TARGET_DIR=/opt/rustwide/target" "-e" "CARGO_HOME=/opt/rustwide/cargo-home" "-e" "RUSTUP_HOME=/opt/rustwide/rustup-home" "-w" "/opt/rustwide/workdir" "-m" "1610612736" "--user" "0:0" "--network" "none" "ghcr.io/rust-lang/crates-build-env/linux@sha256:19e73879b68f455e41552ea35293514db52ea292d993f571636dbffedb77a1ee" "/opt/rustwide/cargo-home/bin/cargo" "+e6e4f7ed1589e03bc2f6c5931c1a72e7947e8682" "metadata" "--no-deps" "--format-version=1", kill_on_drop: false }`
[INFO] [stdout] 50f2a1b03ec144238385cbeaaa57ed790bce1ea1ebc59f14a2881c4e5e474ccf
[INFO] running `Command { std: "docker" "start" "-a" "50f2a1b03ec144238385cbeaaa57ed790bce1ea1ebc59f14a2881c4e5e474ccf", kill_on_drop: false }`
[INFO] running `Command { std: "docker" "inspect" "50f2a1b03ec144238385cbeaaa57ed790bce1ea1ebc59f14a2881c4e5e474ccf", kill_on_drop: false }`
[INFO] running `Command { std: "docker" "rm" "-f" "50f2a1b03ec144238385cbeaaa57ed790bce1ea1ebc59f14a2881c4e5e474ccf", kill_on_drop: false }`
[INFO] [stdout] 50f2a1b03ec144238385cbeaaa57ed790bce1ea1ebc59f14a2881c4e5e474ccf
[INFO] running `Command { std: "docker" "create" "-v" "/var/lib/crater-agent-workspace/builds/worker-6-tc2/target:/opt/rustwide/target:rw,Z" "-v" "/var/lib/crater-agent-workspace/builds/worker-6-tc2/source:/opt/rustwide/workdir:ro,Z" "-v" "/var/lib/crater-agent-workspace/cargo-home:/opt/rustwide/cargo-home:ro,Z" "-v" "/var/lib/crater-agent-workspace/rustup-home:/opt/rustwide/rustup-home:ro,Z" "-e" "SOURCE_DIR=/opt/rustwide/workdir" "-e" "CARGO_TARGET_DIR=/opt/rustwide/target" "-e" "CARGO_INCREMENTAL=0" "-e" "RUST_BACKTRACE=full" "-e" "RUSTFLAGS=--cap-lints=forbid" "-e" "RUSTDOCFLAGS=--cap-lints=forbid" "-e" "CARGO_HOME=/opt/rustwide/cargo-home" "-e" "RUSTUP_HOME=/opt/rustwide/rustup-home" "-w" "/opt/rustwide/workdir" "-m" "1610612736" "--user" "0:0" "--network" "none" "ghcr.io/rust-lang/crates-build-env/linux@sha256:19e73879b68f455e41552ea35293514db52ea292d993f571636dbffedb77a1ee" "/opt/rustwide/cargo-home/bin/cargo" "+e6e4f7ed1589e03bc2f6c5931c1a72e7947e8682" "check" "--frozen" "--all" "--all-targets" "--message-format=json", kill_on_drop: false }`
[INFO] [stdout] bdec5839fb486ac565a941701fda5afe621b422474b5dcfd39f41232f54bc24e
[INFO] running `Command { std: "docker" "start" "-a" "bdec5839fb486ac565a941701fda5afe621b422474b5dcfd39f41232f54bc24e", kill_on_drop: false }`
[INFO] [stderr]    Compiling proc-macro2 v1.0.44
[INFO] [stderr]    Compiling unicode-ident v1.0.4
[INFO] [stderr]    Compiling syn v1.0.101
[INFO] [stderr]    Compiling libc v0.2.133
[INFO] [stderr]    Compiling serde_derive v1.0.145
[INFO] [stderr]    Compiling serde v1.0.145
[INFO] [stderr]    Compiling thiserror v1.0.37
[INFO] [stderr]     Checking byteorder v1.4.3
[INFO] [stderr]    Compiling once_cell v1.15.0
[INFO] [stderr]    Compiling getrandom v0.1.16
[INFO] [stderr]    Compiling crunchy v0.2.2
[INFO] [stderr]     Checking subtle v2.4.1
[INFO] [stderr]    Compiling num-traits v0.2.15
[INFO] [stderr]     Checking arrayvec v0.7.2
[INFO] [stderr]     Checking byte-slice-cast v1.2.1
[INFO] [stderr]     Checking crypto-common v0.1.6
[INFO] [stderr]     Checking block-buffer v0.9.0
[INFO] [stderr]     Checking block-buffer v0.10.3
[INFO] [stderr]    Compiling bee-ternary v1.0.0
[INFO] [stderr]    Compiling proc-macro-error v1.0.4
[INFO] [stderr]     Checking rustc-hex v2.1.0
[INFO] [stderr]     Checking zeroize v1.3.0
[INFO] [stderr]     Checking cpufeatures v0.2.5
[INFO] [stderr]     Checking digest v0.10.5
[INFO] [stderr]    Compiling ahash v0.7.6
[INFO] [stderr]     Checking sha2 v0.9.9
[INFO] [stderr]    Compiling packable v0.6.2
[INFO] [stderr]     Checking iterator-sorted v0.1.0
[INFO] [stderr]     Checking bech32 v0.9.1
[INFO] [stderr]     Checking bitflags v1.3.2
[INFO] [stderr]     Checking bytemuck v1.12.1
[INFO] [stderr]     Checking uint v0.9.4
[INFO] [stderr]     Checking blake2 v0.10.4
[INFO] [stderr]    Compiling quote v1.0.21
[INFO] [stderr]     Checking getrandom v0.2.7
[INFO] [stderr]     Checking num_cpus v1.13.1
[INFO] [stderr]    Compiling proc-macro-error-attr v1.0.4
[INFO] [stderr]     Checking rand_core v0.6.4
[INFO] [stderr]     Checking rand_core v0.5.1
[INFO] [stderr]     Checking curve25519-dalek v3.2.1
[INFO] [stderr]     Checking rand_chacha v0.3.1
[INFO] [stderr]     Checking hashbrown v0.12.3
[INFO] [stderr]     Checking rand v0.8.5
[INFO] [stderr]     Checking fixed-hash v0.7.0
[INFO] [stderr]    Compiling thiserror-impl v1.0.37
[INFO] [stderr]    Compiling impl-trait-for-tuples v0.2.2
[INFO] [stderr]    Compiling derive_more v0.99.17
[INFO] [stderr]     Checking ed25519-zebra v3.0.0
[INFO] [stderr]     Checking impl-serde v0.3.2
[INFO] [stderr]     Checking iota-crypto v0.14.3
[INFO] [stderr]    Compiling toml v0.5.9
[INFO] [stderr]     Checking bee-pow v1.0.0
[INFO] [stderr]    Compiling proc-macro-crate v1.2.1
[INFO] [stderr]    Compiling parity-scale-codec-derive v3.1.3
[INFO] [stderr]    Compiling packable-derive v0.6.2
[INFO] [stderr]     Checking parity-scale-codec v3.2.1
[INFO] [stderr]     Checking impl-codec v0.6.0
[INFO] [stderr]     Checking primitive-types v0.11.1
[INFO] [stderr]     Checking prefix-hex v0.4.0
[INFO] [stderr]     Checking bee-block v1.0.1 (/opt/rustwide/workdir)
[INFO] [stdout] error[E0433]: failed to resolve: could not find `rand` in `bee_block`
[INFO] [stdout]   --> tests/transaction_essence.rs:10:5
[INFO] [stdout]    |
[INFO] [stdout] 10 |     rand::output::rand_inputs_commitment,
[INFO] [stdout]    |     ^^^^ could not find `rand` in `bee_block`
[INFO] [stdout] 
[INFO] [stdout] 
[INFO] [stdout] error[E0432]: unresolved import `bee_block::protocol::protocol_parameters`
[INFO] [stdout]  --> tests/transaction_essence.rs:9:5
[INFO] [stdout]   |
[INFO] [stdout] 9 |     protocol::protocol_parameters,
[INFO] [stdout]   |     ^^^^^^^^^^-------------------
[INFO] [stdout]   |     |         |
[INFO] [stdout]   |     |         help: a similar name exists in the module: `ProtocolParameters`
[INFO] [stdout]   |     no `protocol_parameters` in `protocol`
[INFO] [stdout] 
[INFO] [stdout] 
[INFO] [stdout] error: aborting due to 2 previous errors
[INFO] [stdout] 
[INFO] [stdout] 
[INFO] [stdout] Some errors have detailed explanations: E0432, E0433.
[INFO] [stdout] 
[INFO] [stdout] For more information about an error, try `rustc --explain E0432`.
[INFO] [stdout] 
[INFO] [stderr] error: could not compile `bee-block` (test "transaction_essence") due to 3 previous errors
[INFO] [stderr] warning: build failed, waiting for other jobs to finish...
[INFO] [stdout] error[E0433]: failed to resolve: could not find `rand` in `bee_block`
[INFO] [stdout]   --> tests/transaction_payload.rs:10:5
[INFO] [stdout]    |
[INFO] [stdout] 10 |     rand::output::rand_inputs_commitment,
[INFO] [stdout]    |     ^^^^ could not find `rand` in `bee_block`
[INFO] [stdout] 
[INFO] [stdout] 
[INFO] [stdout] error[E0432]: unresolved import `bee_block::protocol::protocol_parameters`
[INFO] [stdout]  --> tests/transaction_payload.rs:9:5
[INFO] [stdout]   |
[INFO] [stdout] 9 |     protocol::protocol_parameters,
[INFO] [stdout]   |     ^^^^^^^^^^-------------------
[INFO] [stdout]   |     |         |
[INFO] [stdout]   |     |         help: a similar name exists in the module: `ProtocolParameters`
[INFO] [stdout]   |     no `protocol_parameters` in `protocol`
[INFO] [stdout] 
[INFO] [stdout] 
[INFO] [stdout] error[E0433]: failed to resolve: could not find `rand` in `bee_block`
[INFO] [stdout]   --> tests/payload.rs:16:5
[INFO] [stdout]    |
[INFO] [stdout] 16 |     rand::{
[INFO] [stdout]    |     ^^^^ could not find `rand` in `bee_block`
[INFO] [stdout] 
[INFO] [stdout] 
[INFO] [stdout] error[E0433]: failed to resolve: could not find `rand` in `bee_block`
[INFO] [stdout]  --> tests/rent.rs:7:5
[INFO] [stdout]   |
[INFO] [stdout] 7 |     rand::output::{rand_alias_output, rand_basic_output, rand_foundry_output, rand_nft_output},
[INFO] [stdout]   |     ^^^^ could not find `rand` in `bee_block`
[INFO] [stdout] 
[INFO] [stdout] 
[INFO] [stdout] error[E0432]: unresolved import `bee_block::protocol::protocol_parameters`
[INFO] [stdout]  --> tests/rent.rs:6:5
[INFO] [stdout]   |
[INFO] [stdout] 6 |     protocol::protocol_parameters,
[INFO] [stdout]   |     ^^^^^^^^^^-------------------
[INFO] [stdout]   |     |         |
[INFO] [stdout]   |     |         help: a similar name exists in the module: `ProtocolParameters`
[INFO] [stdout]   |     no `protocol_parameters` in `protocol`
[INFO] [stdout] 
[INFO] [stdout] 
[INFO] [stdout] error[E0432]: unresolved import `bee_block::protocol::protocol_parameters`
[INFO] [stdout]   --> tests/payload.rs:15:5
[INFO] [stdout]    |
[INFO] [stdout] 15 |     protocol::protocol_parameters,
[INFO] [stdout]    |     ^^^^^^^^^^-------------------
[INFO] [stdout]    |     |         |
[INFO] [stdout]    |     |         help: a similar name exists in the module: `ProtocolParameters`
[INFO] [stdout]    |     no `protocol_parameters` in `protocol`
[INFO] [stdout] 
[INFO] [stdout] 
[INFO] [stdout] error: aborting due to 2 previous errors
[INFO] [stdout] 
[INFO] [stdout] 
[INFO] [stdout] Some errors have detailed explanations: E0432, E0433.
[INFO] [stdout] 
[INFO] [stdout] For more information about an error, try `rustc --explain E0432`.
[INFO] [stdout] 
[INFO] [stderr] error: could not compile `bee-block` (test "rent") due to 3 previous errors
[INFO] [stdout] error: aborting due to 2 previous errors
[INFO] [stdout] 
[INFO] [stdout] 
[INFO] [stdout] Some errors have detailed explanations: E0432, E0433.
[INFO] [stdout] 
[INFO] [stdout] For more information about an error, try `rustc --explain E0432`.
[INFO] [stdout] 
[INFO] [stdout] error: aborting due to 2 previous errors
[INFO] [stdout] 
[INFO] [stdout] 
[INFO] [stdout] Some errors have detailed explanations: E0432, E0433.
[INFO] [stdout] 
[INFO] [stdout] For more information about an error, try `rustc --explain E0432`.
[INFO] [stdout] 
[INFO] [stderr] error: could not compile `bee-block` (test "payload") due to 3 previous errors
[INFO] [stderr] error: could not compile `bee-block` (test "transaction_payload") due to 3 previous errors
[INFO] [stdout] error[E0433]: failed to resolve: could not find `rand` in `bee_block`
[INFO] [stdout]   --> tests/milestone_payload_essence.rs:15:5
[INFO] [stdout]    |
[INFO] [stdout] 15 |     rand::{
[INFO] [stdout]    |     ^^^^ could not find `rand` in `bee_block`
[INFO] [stdout] 
[INFO] [stdout] 
[INFO] [stdout] error[E0432]: unresolved imports `bee_block::protocol::protocol_parameters`, `bee_block::rand`
[INFO] [stdout]   --> tests/milestone_payload_essence.rs:14:5
[INFO] [stdout]    |
[INFO] [stdout] 14 |     protocol::protocol_parameters,
[INFO] [stdout]    |     ^^^^^^^^^^-------------------
[INFO] [stdout]    |     |         |
[INFO] [stdout]    |     |         help: a similar name exists in the module: `ProtocolParameters`
[INFO] [stdout]    |     no `protocol_parameters` in `protocol`
[INFO] [stdout] 15 |     rand::{
[INFO] [stdout] 16 |         self,
[INFO] [stdout]    |         ^^^^ no `rand` in the root
[INFO] [stdout] 
[INFO] [stdout] 
[INFO] [stdout] error[E0433]: failed to resolve: could not find `rand` in `bee_block`
[INFO] [stdout]   --> tests/receipt_milestone_option.rs:18:5
[INFO] [stdout]    |
[INFO] [stdout] 18 |     rand::number::rand_number,
[INFO] [stdout]    |     ^^^^ could not find `rand` in `bee_block`
[INFO] [stdout] 
[INFO] [stdout] 
[INFO] [stdout] error[E0432]: unresolved import `bee_block::protocol::protocol_parameters`
[INFO] [stdout]   --> tests/receipt_milestone_option.rs:17:5
[INFO] [stdout]    |
[INFO] [stdout] 17 |     protocol::protocol_parameters,
[INFO] [stdout]    |     ^^^^^^^^^^-------------------
[INFO] [stdout]    |     |         |
[INFO] [stdout]    |     |         help: a similar name exists in the module: `ProtocolParameters`
[INFO] [stdout]    |     no `protocol_parameters` in `protocol`
[INFO] [stdout] 
[INFO] [stdout] 
[INFO] [stdout] error: aborting due to 2 previous errors
[INFO] [stdout] 
[INFO] [stdout] 
[INFO] [stdout] Some errors have detailed explanations: E0432, E0433.
[INFO] [stdout] 
[INFO] [stdout] For more information about an error, try `rustc --explain E0432`.
[INFO] [stdout] 
[INFO] [stderr] error: could not compile `bee-block` (test "milestone_payload_essence") due to 3 previous errors
[INFO] [stdout] error: aborting due to 2 previous errors
[INFO] [stdout] 
[INFO] [stdout] 
[INFO] [stdout] Some errors have detailed explanations: E0432, E0433.
[INFO] [stdout] 
[INFO] [stdout] For more information about an error, try `rustc --explain E0432`.
[INFO] [stdout] 
[INFO] [stderr] error: could not compile `bee-block` (test "receipt_milestone_option") due to 3 previous errors
[INFO] [stdout] error[E0433]: failed to resolve: could not find `rand` in `bee_block`
[INFO] [stdout]  --> tests/parents.rs:8:5
[INFO] [stdout]   |
[INFO] [stdout] 8 |     rand::block::{rand_block_id, rand_block_ids},
[INFO] [stdout]   |     ^^^^ could not find `rand` in `bee_block`
[INFO] [stdout] 
[INFO] [stdout] 
[INFO] [stdout] error[E0433]: failed to resolve: could not find `rand` in `bee_block`
[INFO] [stdout]  --> tests/tagged_data_payload.rs:4:58
[INFO] [stdout]   |
[INFO] [stdout] 4 | use bee_block::{payload::tagged_data::TaggedDataPayload, rand::bytes::rand_bytes, Block, Error};
[INFO] [stdout]   |                                                          ^^^^ could not find `rand` in `bee_block`
[INFO] [stdout] 
[INFO] [stdout] 
[INFO] [stdout] error[E0432]: unresolved import `bee_block::protocol::protocol_parameters`
[INFO] [stdout]  --> tests/treasury_output.rs:4:41
[INFO] [stdout]   |
[INFO] [stdout] 4 | use bee_block::{output::TreasuryOutput, protocol::protocol_parameters, Error};
[INFO] [stdout]   |                                         ^^^^^^^^^^-------------------
[INFO] [stdout]   |                                         |         |
[INFO] [stdout]   |                                         |         help: a similar name exists in the module: `ProtocolParameters`
[INFO] [stdout]   |                                         no `protocol_parameters` in `protocol`
[INFO] [stdout] 
[INFO] [stdout] 
[INFO] [stdout] error: aborting due to previous error
[INFO] [stdout] 
[INFO] [stdout] 
[INFO] [stdout] error[E0433]: failed to resolve: could not find `rand` in `bee_block`
[INFO] [stdout]  --> tests/milestone_payload.rs:8:5
[INFO] [stdout]   |
[INFO] [stdout] 8 |     rand::{
[INFO] [stdout]   |     ^^^^ could not find `rand` in `bee_block`
[INFO] [stdout] 
[INFO] [stdout] 
[INFO] [stdout] error: aborting due to previous error
[INFO] [stdout] 
[INFO] [stdout] 
[INFO] [stdout] For more information about this error, try `rustc --explain E0433`.
[INFO] [stdout] 
[INFO] [stderr] error: could not compile `bee-block` (test "tagged_data_payload") due to 2 previous errors
[INFO] [stdout] For more information about this error, try `rustc --explain E0433`.
[INFO] [stdout] 
[INFO] [stderr] error: could not compile `bee-block` (test "parents") due to 2 previous errors
[INFO] [stdout] error[E0432]: unresolved import `bee_block::protocol::protocol_parameters`
[INFO] [stdout]  --> tests/milestone_payload.rs:7:5
[INFO] [stdout]   |
[INFO] [stdout] 7 |     protocol::protocol_parameters,
[INFO] [stdout]   |     ^^^^^^^^^^-------------------
[INFO] [stdout]   |     |         |
[INFO] [stdout]   |     |         help: a similar name exists in the module: `ProtocolParameters`
[INFO] [stdout]   |     no `protocol_parameters` in `protocol`
[INFO] [stdout] 
[INFO] [stdout] 
[INFO] [stdout] error: aborting due to previous error
[INFO] [stdout] 
[INFO] [stdout] 
[INFO] [stdout] For more information about this error, try `rustc --explain E0432`.
[INFO] [stdout] 
[INFO] [stdout] error: aborting due to 2 previous errors
[INFO] [stdout] 
[INFO] [stdout] 
[INFO] [stdout] Some errors have detailed explanations: E0432, E0433.
[INFO] [stdout] 
[INFO] [stdout] For more information about an error, try `rustc --explain E0432`.
[INFO] [stdout] 
[INFO] [stderr] error: could not compile `bee-block` (test "treasury_output") due to 2 previous errors
[INFO] [stderr] error: could not compile `bee-block` (test "milestone_payload") due to 3 previous errors
[INFO] running `Command { std: "docker" "inspect" "bdec5839fb486ac565a941701fda5afe621b422474b5dcfd39f41232f54bc24e", kill_on_drop: false }`
[INFO] running `Command { std: "docker" "rm" "-f" "bdec5839fb486ac565a941701fda5afe621b422474b5dcfd39f41232f54bc24e", kill_on_drop: false }`
[INFO] [stdout] bdec5839fb486ac565a941701fda5afe621b422474b5dcfd39f41232f54bc24e
